ist the prime factors of 1635070.
2, 5, 23, 7109
What are the prime factors of 119799?
3, 17, 29
What are the prime factors of 347359?
347359
List the prime factors of 320004.
2, 3, 2963
List the prime factors of 4414.
2, 2207
List the prime factors of 108997.
7, 23, 677
List the prime factors of 49584.
2, 3, 1033
What are the prime factors of 2886702?
2, 3, 7, 13, 17, 311
What are the prime factors of 4010013?
3, 7, 433
List the prime factors of 11341086.
2, 3, 263, 7187
What are the prime factors of 7264420?
2, 5, 43, 8447
What are the prime factors of 3656793?
3, 7, 23, 67, 113
List the prime factors of 3948476.
2, 7, 83, 1699
What are the prime factors of 3130620?
2, 3, 5, 52177
List the prime factors of 628646.
2, 523, 601
List the prime factors of 34055570.
2, 5, 29, 43, 2731
List the prime factors of 633412.
2, 13, 937
What are the prime factors of 4414914?
2, 3, 7, 37, 947
List the prime factors of 4542892.
2, 557, 2039
List the prime factors of 6195244.
2, 11, 103, 1367
What are the prime factors of 10412932?
2, 2603233
List the prime factors of 190664.
2, 23833
What are the prime factors of 16453126?
2, 19, 31, 13967
List the prime factors of 1557746.
2, 778873
List the prime factors of 2260037.
13, 43, 311
List the prime factors of 5198841.
3, 41, 73, 193
What are the prime factors of 238744?
2, 11, 2713
List the prime factors of 102831.
3, 151, 227
List the prime factors of 903839.
17, 79, 673
What are the prime factors of 384308?
2, 29, 3313
List the prime factors of 1230270.
2, 3, 5, 23, 1783
What are the prime factors of 1089340?
2, 5, 7, 31, 251
What are the prime factors of 19278886?
2, 11, 233, 3761
What are the prime factors of 3537484?
2, 884371
List the prime factors of 5167070.
2, 5, 487, 1061
List the prime factors of 1226750.
2, 5, 7, 701
What are the prime factors of 594469?
594469
List the prime factors of 3570415.
5, 241, 2963
What are the prime factors of 65261?
7, 9323
List the prime factors of 8686109.
29, 299521
List the prime factors of 761265.
3, 5, 5639
List the prime factors of 1411726.
2, 705863
List the prime factors of 2041757.
2041757
List the prime factors of 8431564.
2, 743, 2837
List the prime factors of 6947871.
3, 7, 373, 887
List the prime factors of 1322005.
5, 17, 103, 151
What are the prime factors of 9583562?
2, 19, 107, 2357
List the prime factors of 592384.
2, 13, 89
List the prime factors of 2364737.
173, 13669
List the prime factors of 8095088.
2, 383, 1321
What are the prime factors of 319222?
2, 193, 827
List the prime factors of 7842343.
61, 128563
What are the prime factors of 584659?
584659
What are the prime factors of 8741474?
2, 7, 624391
List the prime factors of 49270.
2, 5, 13, 379
What are the prime factors of 10713?
3, 3571
What are the prime factors of 219079?
7, 17, 263
List the prime factors of 154932.
2, 3, 12911
List the prime factors of 1244907.
3, 138323
What are the prime factors of 3246541?
17, 353, 541
What are the prime factors of 3464754?
2, 3, 37, 15607
What are the prime factors of 394858?
2, 19, 10391
What are the prime factors of 1130395?
5, 7, 32297
What are the prime factors of 742716?
2, 3, 13, 23
List the prime factors of 8279637.
3, 2759879
What are the prime factors of 261210?
2, 3, 5, 8707
List the prime factors of 2217268.
2, 554317
List the prime factors of 2454583.
23, 106721
What are the prime factors of 328012?
2, 82003
List the prime factors of 2093803.
47, 44549
List the prime factors of 30142.
2, 7, 2153
What are the prime factors of 8217016?
2, 1027127
What are the prime factors of 10229922?
2, 3, 389, 487
List the prime factors of 7957049.
29, 31, 53, 167
What are the prime factors of 2647453?
1021, 2593
List the prime factors of 19273103.
23, 31, 27031
What are the prime factors of 83796?
2, 3, 6983
What are the prime factors of 1512777?
3, 7, 41, 251
What are the prime factors of 26490030?
2, 3, 5, 7, 126143
What are the prime factors of 8578098?
2, 3, 17, 97
What are the prime factors of 368192?
2, 11, 523
What are the prime factors of 845187?
3, 7, 167, 241
What are the prime factors of 72104?
2, 9013
What are the prime factors of 2433155?
5, 43, 11317
What are the prime factors of 194475?
3, 5, 2593
List the prime factors of 1392117.
3, 31, 14969
List the prime factors of 917776.
2, 19, 3019
List the prime factors of 57106.
2, 7, 4079
What are the prime factors of 399174?
2, 3, 66529
What are the prime factors of 1050975?
3, 5, 173
List the prime factors of 1460557.
7, 137, 1523
List the prime factors of 763761.
3, 23, 11069
What are the prime factors of 3086124?
2, 3, 257177
What are the prime factors of 614615?
5, 83, 1481
What are the prime factors of 861561?
3, 29, 3301
What are the prime factors of 18511371?
3, 31, 43, 1543
What are the prime factors of 10638125?
5, 17021
List the prime factors of 142897.
142897
What are the prime factors of 9417?
3, 43, 73
What are the prime factors of 1652513?
1652513
List the prime factors of 18528742.
2, 17, 544963
List the prime factors of 627848.
2, 13, 6037
List the prime factors of 446400.
2, 3, 5, 31
What are the prime factors of 25617469?
23, 29, 193, 199
List the prime factors of 1524987.
3, 67, 281
List the prime factors of 5421.
3, 13, 139
List the prime factors of 617920.
2, 5, 1931
List the prime factors of 26750771.
23, 1163077
List the prime factors of 213752.
2, 7, 11, 347
What are the prime factors of 3524234?
2, 7, 19, 13249
List the prime factors of 3438168.
2, 3, 143257
List the prime factors of 10494594.
2, 3, 11, 53003
List the prime factors of 27918151.
59, 163, 2903
List the prime factors of 1158249.
3, 386083
List the prime factors of 217148.
2, 54287
List the prime factors of 3978694.
2, 157, 12671
List the prime factors of 10015126.
2, 11, 455233
List the prime factors of 584927.
7, 83561
What are the prime factors of 11307680?
2, 5, 29, 2437
List the prime factors of 1685991.
3, 561997
What are the prime factors of 3049805?
5, 11, 71
List the prime factors of 5842714.
2, 461, 6337
What are the prime factors of 6590868?
2, 3, 43, 53, 241
List the prime factors of 1100616.
2, 3, 11, 379
What are the prime factors of 6332070?
2, 3, 5, 83, 2543
What are the prime factors of 2488761?
3, 11, 23, 1093
What are the prime factors of 1675639?
7, 17, 14081
What are the prime factors of 12424768?
2, 83, 2339
List the prime factors of 2304456.
2, 3, 7, 11, 29, 43
What are the prime factors of 1018303?
11, 13, 7121
What are the prime factors of 7759978?
2, 3879989
What are the prime factors of 317518?
2, 158759
List the prime factors of 471771.
3, 101, 173
What are the prime factors of 7141326?
2, 3, 17, 53, 1321
What are the prime factors of 10168102?
2, 7, 367, 1979
What are the prime factors of 2528641?
479, 5279
What are the prime factors of 8522039?
8522039
What are the prime factors of 2936274?
2, 3, 11, 17, 2617
What are the prime factors of 7278?
2, 3, 1213
List the prime factors of 26564961.
3, 8854987
List the prime factors of 407323.
7, 58189
List the prime factors of 8831126.
2, 17, 23, 491
What are the prime factors of 247232?
2, 3863
List the prime factors of 709448.
2, 88681
What are the prime factors of 205664?
2, 6427
List the prime factors of 7642834.
2, 29, 313, 421
What are the prime factors of 249413?
19, 13127
List the prime factors of 2064793.
2064793
List the prime factors of 5950778.
2, 2975389
List the prime factors of 758448.
2, 3, 23, 229
List the prime factors of 5235625.
5, 8377
What are the prime factors of 248495?
5, 13, 3823
List the prime factors of 35386.
2, 13, 1361
What are the prime factors of 572915?
5, 7, 16369
What are the prime factors of 1040673?
3, 346891
List the prime factors of 1510815.
3, 5, 47, 2143
List the prime factors of 234227.
7, 33461
List the prime factors of 87892.
2, 7, 43, 73
What are the prime factors of 255719?
31, 73, 113
What are the prime factors of 416760?
2, 3, 5, 23, 151
List the prime factors of 2083996.
2, 17, 19, 1613
List the prime factors of 178709.
173, 1033
What are the prime factors of 624190?
2, 5, 7, 37, 241
List the prime factors of 1206591.
3, 402197
List the prime factors of 88683.
3, 7, 41, 103
List the prime factors of 7111193.
7111193
List the prime factors of 13815404.
2, 53, 65167
What are the prim